/2)/((-3)/4). Let u(c) be the first derivative of -2*c**3/3 - c**2/2 + 4. Give u(p).
-6
Let w(x) be the first derivative of x**4/4 - 7*x**3/3 + 3*x**2 + 8*x + 2. Let s = -6 - -12. What is w(s)?
8
Let l = 2 + 1. Let x(g) = 2 + 2 - l + 0 - 6*g. Determine x(1).
-5
Let l = 5 - 3. Let w be (3 + l)/(-1 - 0). Let g(y) = -y**3 - y - y + 3*y - 4*y**2 + 3*y. Give g(w).
5
Let y(s) = -7*s + 3 + 5*s**2 - 2*s**2 - 2*s**2. Let o(v) = -v - 2. Suppose -18 = 4*g + 10. Let r be o(g). Give y(r).
-7
Suppose -15 = -4*u + 9. Let t(c) = -c**2 + 8*c - 6. Let p be t(u). Let v(i) = -i**2 + 6*i + 5. Determine v(p).
5
Let o(q) = 3*q + 2 - 8 - 4*q. Let g be o(-6). Let a(n) = -n**3 - n**2 - n - 5. What is a(g)?
-5
Suppose r + 6 = 5*z + 36, -2*z + 36 = 2*r. Suppose 0 = -4*o + r. Let x(q) be the first derivative of q**3/3 - 5*q**2/2 - 4*q + 2. Determine x(o).
-4
Let j = 7 - 10. Let a(q) = q**2 - 2. Give a(j).
7
Let g(v) = 8*v + 1. Let q = -2 - -2. Let w = -6 + 8. Suppose -w*l + q*l = 2. Determine g(l).
-7
Let q(a) = 51 + 3*a - 22 + a**2 + 4*a - 28. What is q(-6)?
-5
Let p(g) = g**3 - 2*g**2 - 3. Let l(u) = u - 8. Let i be l(8). Let n be 4 - 1 - i/9. What is p(n)?
6
Let p(o) be the second derivative of -o**3/3 - 5*o**2/2 + 7*o. What is p(-7)?
9
Let k(r) be the third derivative of -r**5/60 - r**4/12 + 7*r**3/6 - 2*r**2. Let f be (-20)/(-2)*(-12)/(-8). Suppose 4*z = 7*z + f. What is k(z)?
-8
Let c(w) be the third derivative of 0 + 1/24*w**4 + 2*w**2 - 1/3*w**3 + 0*w. Calculate c(-3).
-5
Let n be (-238)/(-28) - (-1)/(-2). Let h(w) = -w**2 + 8*w - 3. Calculate h(n).
-3
Suppose 9 = b - 3*j, 4*j + 12 = 4*b - 8. Suppose 5*p - 8 = 3*m, b*m + 0*m + 3*p = 24. Suppose -m*d - 5 - 7 = 0. Let g(n) = n**2 + 2*n + 1. Calculate g(d).
4
Let w(s) = 11*s**3 - s**2 - 21*s + 14. Let q(z) = -5*z**3 + 10*z - 7. Let a(b) = 2*b - 4. Let h be a(4). Let l(x) = h*w(x) + 9*q(x). Calculate l(-5).
-12
Suppose -4*w + 0*w + 8 = 0. Let y(x) = 0*x**w + 4 + 3*x + 4 - x**2 - 4. Suppose 2*m = 7 - 1. Determine y(m).
4
Let n = -17 - -19. Let s be n/(-2) + (0 - -4). Let q(l) = -4*l**2 - 10*l - 1. Let a(y) = -y**2 - y - 1. Let j(c) = -5*a(c) + q(c). What is j(s)?
-2
Suppose -17 - 33 = 10*s. Let m(l) be the second derivative of -l**4/12 - l**3/3 + 5*l**2/2 + l. Determine m(s).
-10
Let p(y) = -y + 2. Let q(i) = -i - 2. Let a be q(-4). Let o be a*(-2)/8*10. Give p(o).
7
Let b(n) be the first derivative of n**3/3 + 2*n**2 - 5*n + 1. Let h be -6 + 0*(-5)/(-20). Calculate b(h).
7
Let u(m) be the first derivative of -m**4/4 + 5*m**3/3 - 2*m**2 - 4*m + 2. Let f be 0 - (-22 + (-4)/(-2)). Suppose 6*b = b + f. Give u(b).
-4
Let p = -7 - -8. Let z = 1 + p. Let r(o) = -1 - 3*o**2 + 2*o**2 - o + 2*o**2. Determine r(z).
1
Let t(l) = 2*l + 1. Let f = -8 + 9. What is t(f)?
3
Let a(z) be the second derivative of z**3/2 - 3*z**2/2 - 4*z. Let r = 7 + -3. Calculate a(r).
9
Suppose -4*s - 3*p + 9 = 0, 2*p = -s - 3*s + 6. Let v(t) = 0*t + s + 0 + t - 3. Calculate v(6).
3
Let i(v) = v**2 - v - 15. Suppose 2*o + 0 = 8. Let u be o/14 + 22/(-77). What is i(u)?
-15
Suppose -6*i = -i - 40. Let c(g) be the first derivative of -g**2 + 12*g - 22. Let r be c(i). Let h(s) = s**3 + 3*s**2 - 4*s - 1. Calculate h(r).
-1
Suppose -16 = -4*s, -20 = -2*g + 4*s - 5*s. Let t(b) = 0*b**3 - 4*b + 3 - g + b**3 - 3*b**2. Suppose -h + 8 - 4 = 0. Determine t(h).
-5
Let w be (24/(-16))/((-1)/2). Let n(x) = -x**2 + 2*x + 4. Determine n(w).
1
Let j(g) be the third derivative of -g**6/120 - g**5/12 + g**4/8 - g**3/2 + g**2. Calculate j(-6).
15
Suppose -4*q = 5*n - 64, 33 = 3*n - 4*q + q. Suppose -5*a + 2*a + n = 0. Suppose -i - 15 = a*i. Let y(u) = 2*u - 1. What is y(i)?
-7
Let y be (14 - 29)*(-1)/3. Suppose 2*a = -d + 5, -3*a = -y*d - 0*a - 27. Let h(u) = u**3 + u**2 - 3*u - 2. Determine h(d).
-11
Let q(m) be the second derivative of -m**4/12 + 2*m**3/3 + m**2 + 4*m. Calculate q(4).
2
Let i(g) = 0 + g**2 - g**2 - g**2 + g**3 + 5. What is i(0)?
5
Suppose 0 = -g + 3 - 0. Let z(o) = -4 + 7*o + 5*o**2 - 2*o - 3*o**g + 4*o**3 + 0*o. Determine z(-4).
-8
Let z(w) be the second derivative of w**5/20 - w**3/6 - 2*w. Suppose -p + 2*p = 0. Determine z(p).
0
Let n = -22 + 39. Suppose -n + 1 = -2*m. Suppose 2 = -4*h - 3*i - 0, 0 = 4*i - m. Let o(u) = 2*u - 2. Calculate o(h).
-6
Let a(d) = -d - 6 - 1 + 0*d. Suppose -5*l - 3 = 32. What is a(l)?
0
Let v(z) = z**2 - 5*z - 7. Suppose h - 21 = -2*h. Give v(h).
7
Let c(m) = 2*m**3 - m**2 - m - 3. Let y(d) = 3*d**3 - d - 4. Let r(k) = 4*c(k) - 3*y(k). Determine r(-3).
-6
Let c(f) be the first derivative of 0 + 7*f - 3 + f**2 - f + 2. Calculate c(-4).
-2
Let z(f) = f. Let u(a) = -5*a + 1. Let r(x) = -2*u(x) - 11*z(x). Let h = -15 + 10. Determine r(h).
3
Let x(r) = r**3 - 3*r**2 + r - 1. Let v(d) = -d**3 - 13*d**2 + 31*d + 17. Let m be v(-15). Calculate x(m).
-3
Let k(c) = -7 - 9 - 8 - c + 22. What is k(6)?
-8
Let n(h) = -13*h - 28. Let a(v) = 3*v + 7. Let x(s) = -9*a(s) - 2*n(s). Give x(-6).
-1
Let b(q) be the first derivative of -q**3/6 + 9*q**2/2 + 3*q - 6. Let x(r) be the first derivative of b(r). Determine x(7).
2
Suppose 11 - 5 = 3*g. Let x(s) = 2*s**2 - s. Let c(a) = 6*a**2 - 3*a. Let v(n) = -4*c(n) + 11*x(n). Determine v(g).
-6
Let s be ((-15)/(-6) - 0)*2. Let w = s + -3. Let b be (-6)/2*(-3 + w). Let x(k) = 2*k**2 - 4*k + 2. Determine x(b).
8
Suppose 0 = -4*z - 5*n + 54, z + 5*n + 1 = 2*z. Suppose 5*d - 3 = 4*y - 11, -z = -3*y + 5*d. Let j(x) = -x + 2. Give j(y).
5
Let g(n) = -3*n**3 - 4*n**2 - n - 4. Let q = -11 + 16. Let h = -4 + q. Let t(z) = z**3 - z**2 - z - 1. Let j(a) = h*g(a) - 3*t(a). Determine j(1).
-6
Let l(v) = v**2 + 1. Let n(c) = -c**3 - 2. Let m be n(-2). Let q(h) = h**3 + m - 6*h**2 + 6*h + 2*h**2 - 4*h**2. Let y be q(7). Give l(y).
2
Let q(l) be the first derivative of -l**4/4 - 2*l**3 - 3*l**2/2 + l + 3. Let k = 2 - 7. Determine q(k).
-9
Suppose -2 = -8*x - 34. Let m(n) = n**2 + 7*n + 6. Calculate m(x).
-6
Suppose -q + 4*q = 0. Suppose 0 = -m - q*m + 1. Let p(j) = 0*j**2 + j**2 + 4*j**3 + 0*j**2 + 3*j + m - j. Determine p(-1).
-4
Let l(i) = -i**3 + 3*i**2 + 2*i + 1. Suppose 2*p - 15 = -3*p. Give l(p).
7
Let d(o) = -o**3 - 12*o**2 - 3*o - 10. Let k(t) = t**2 - t + 1. Let n(m) = -d(m) - 4*k(m). Calculate n(-7).
6
Let n(l) = -5*l + 4. Let b(s) = -4*s + 4. Let o(c) = -6*b(c) + 5*n(c). Suppose y + 3 = -5*t, t - 6*t + 5*y + 15 = 0. Determine o(t).
-4
Suppose -5*m + 4*m = -3. Let j(a) be the second derivative of -a**5/20 + a**4/4 + a**3/6 - 3*a**2/2 - 9*a. Determine j(m).
0
Let u(v) = -v**3 + 4*v**2 - 2*v + 4. Let n(g) = g**2 - 8*g - 5. Suppose 0 = -5*k - 0*k + 5. Let p = 10 - k. Let r be n(p). Give u(r).
-4
Suppose 3*d = -3*x - 0 - 3, 0 = 3*d + 4*x + 4. Let r(v) be the third derivative of 0*v + 1/60*v**5 - 1/3*v**3 - 2*v**2 + 0*v**4 + d. What is r(0)?
-2
Let j(c) be the second derivative of -c**4/12 + c**3/2 + c**2/2 + 5*c. Let y = 4 + -1. Determine j(y).
1
Let v(m) be the third derivative of -m**6/120 - m**5/10 - m**4/24 - 10*m**2. Let t = -15 - -9. What is v(t)?
6
Let h(s) = -s**2 + 10 - 14*s - 9 + 20*s. Determine h(6).
1
Let n be (3/(-2))/((-2)/4). Suppose -5*p + 4 = n*c - 3, -7 = -p + 5*c. Suppose 3*s = 2*s + p. Let f(x) = -2*x**2 + 2*x - 1. Give f(s).
-5
Let o(l) = l**2 + 10*l + 3. Let t be o(-10). Let c(x) = 0*x + 0*x**2 - 10 - t*x + 9 - x**2. Determine c(-2).
1
Let n(a) be the third derivative of -a**4/12 - a**2. Suppose 9 = -2*w + 15. Let c be (w - (-9)/(-2))*-2. Calculate n(c).
-6
Let l be (1/1 - 5)*-1. Let j(g) = g + 14. Let m be j(-14). Let z(s) = s**3 + 2*s**2 - 2 + m*s**3 + 4*s - 6*s**2 - 4. What is z(l)?
10
Let s(h) be the second derivative of h**4/24 - 2*h**3/3 - 3*h**2/2 + 4*h. Let y(j) be the first derivative of s(j). Determine y(4).
0
Let y = 2 - 3. Let g = 27 + -25. Let c(z) = -1 - 5*z + 0*z**g - 9*z**2 + 3*z. Give c(y).
-8
Suppose 7*b - 16 = -2. Let u(v) = 3*v + 2. What is u(b)?
8
Let v(z) = -z**2 + 5*z - 3. Let k be 114/12 + (-2)/4. Let g = k + -6. Let f = 7 - g. Determine v(f).
1
Let w(d) = -d + 4. Let g be 3/4*(9 - (-3)/(-3)). Calculate w(g).
-2
Suppose -3*b = r + b + 4, r - 2*b - 2 = 0. Let t(p) be the third derivative of p**5/60 + p**4/24 + 4*p**3/3 + 5*p**2. Give t(r).
8
Let u(t) = 10*t - 67. Let k be u(6). Let a(o) = -2*o - 7. Give a(k).
7
Let g(f) = f**3 - 5*f**2 - 5*f + 5. Let m(c) = -c**